{"id":112,"date":"2015-11-16T04:26:59","date_gmt":"2015-11-16T06:26:59","guid":{"rendered":"http:\/\/www.cetap.org.br\/site\/?page_id=112"},"modified":"2020-09-03T19:17:46","modified_gmt":"2020-09-03T22:17:46","slug":"programas","status":"publish","type":"page","link":"https:\/\/www.cetap.org.br\/site\/programas\/","title":{"rendered":"Programas em andamento no Cetap"},"content":{"rendered":"\n<h1 class=\"wp-block-heading\">Programas Institucionais do Cetap<\/h1>\n\n\n\n<hr class=\"wp-block-separator\"\/>\n\n\n<h3>Apoio a produ\u00e7\u00e3o ecol\u00f3gica \u2013 protagonismo de mulheres e jovens<\/h3>\n<p><span style=\"color: #666699;\"><strong>Objetivos:<\/strong><\/span><\/p>\n<blockquote>\n<p>Fortalecer a produ\u00e7\u00e3o agroecol\u00f3gica e o protagonismo de mulheres e jovens.<\/p>\n<p>Fomentar a agricultura ecol\u00f3gica como um processo de aperfei\u00e7oamento da qualidade alimentar e nutricional, de gera\u00e7\u00e3o de renda, como op\u00e7\u00e3o de vida e de desenvolvimento com sustentabilidade.<\/p>\n<\/blockquote>\n<h3>Promo\u00e7\u00e3o e conserva\u00e7\u00e3o da sociobiodiversidade<\/h3>\n<p><span style=\"color: #666699;\"><strong>Objetivo:<\/strong><\/span><\/p>\n<blockquote>\n<p>Promover a\u00e7\u00f5es que possam desencadear processos de valoriza\u00e7\u00e3o e uso da sociobiodiversidade numa perspectiva de complementariedade e sintonia.<\/p>\n<\/blockquote>\n<h3>Comercializa\u00e7\u00e3o e aproxima\u00e7\u00e3o entre rurais e urbanos<\/h3>\n<p><span style=\"color: #666699;\"><strong>Objetivos:<\/strong><\/span><\/p>\n<blockquote>\n<p><span style=\"font-size: inherit;\">Fortalecer estrat\u00e9gias e espa\u00e7os regionais de abastecimento e comercializa\u00e7\u00e3o de alimentos ecol\u00f3gicos, estimulando a aproxima\u00e7\u00e3o entre rurais e urbanos e promovendo o consumo consciente e respons\u00e1vel.<\/span><\/p>\n<\/blockquote>\n<h3>Articula\u00e7\u00e3o e coopera\u00e7\u00e3o interinstitucional<\/h3>\n<p><span style=\"color: #666699;\"><strong>Objetivo:<\/strong><\/span><\/p>\n<blockquote>\n<p>Fortalecer as institucionalidades das organiza\u00e7\u00f5es da sociedade civil (OSC), especialmente do CETAP, com atua\u00e7\u00e3o em Rede para ampliar a incid\u00eancia pol\u00edtica, garantindo sustentabilidade e governan\u00e7a.<\/p>\n<\/blockquote>\n<h3>Gest\u00e3o e fortalecimento institucional<\/h3>\n<p><span style=\"color: #666699;\"><strong>Objetivos:<\/strong><\/span><\/p>\n<blockquote>\n<p><span style=\"font-size: inherit;\">Fortalecer a institucionalidade do CETAP, criando mecanismos de articula\u00e7\u00e3o, constru\u00e7\u00e3o e qualifica\u00e7\u00e3o dos processos internos e Recursos Humanos; qualificar a comunica\u00e7\u00e3o e gestar os recursos dispon\u00edveis visando a sustentabilidade financeira.<\/span><\/p>\n<\/blockquote>","protected":false},"excerpt":{"rendered":"<p>Programas Institucionais do Cetap Apoio a produ\u00e7\u00e3o ecol\u00f3gica \u2013 protagonismo de mulheres e jovens Objetivos: Fortalecer a produ\u00e7\u00e3o agroecol\u00f3gica e o protagonismo de mulheres e jovens. Fomentar a agricultura ecol\u00f3gica como um processo de aperfei\u00e7oamento da qualidade alimentar e nutricional, de gera\u00e7\u00e3o de renda, como op\u00e7\u00e3o de vida e de desenvolvimento com sustentabilidade. Promo\u00e7\u00e3o e30<\/p>\n","protected":false},"author":1,"featured_media":0,"parent":0,"menu_order":0,"comment_status":"closed","ping_status":"closed","template":"page-fullwidth.php","meta":{"footnotes":""},"class_list":["post-112","page","type-page","status-publish","hentry"],"_links":{"self":[{"href":"https:\/\/www.cetap.org.br\/site\/wp-json\/wp\/v2\/pages\/112","targetHints":{"allow":["GET"]}}],"collection":[{"href":"https:\/\/www.cetap.org.br\/site\/wp-json\/wp\/v2\/pages"}],"about":[{"href":"https:\/\/www.cetap.org.br\/site\/wp-json\/wp\/v2\/types\/page"}],"author":[{"embeddable":true,"href":"https:\/\/www.cetap.org.br\/site\/wp-json\/wp\/v2\/users\/1"}],"replies":[{"embeddable":true,"href":"https:\/\/www.cetap.org.br\/site\/wp-json\/wp\/v2\/comments?post=112"}],"version-history":[{"count":5,"href":"https:\/\/www.cetap.org.br\/site\/wp-json\/wp\/v2\/pages\/112\/revisions"}],"predecessor-version":[{"id":1546,"href":"https:\/\/www.cetap.org.br\/site\/wp-json\/wp\/v2\/pages\/112\/revisions\/1546"}],"wp:attachment":[{"href":"https:\/\/www.cetap.org.br\/site\/wp-json\/wp\/v2\/media?parent=112"}],"curies":[{"name":"wp","href":"https:\/\/api.w.org\/{rel}","templated":true}]}}